-2*s - 6. Determine w(c).
2
Let w(m) = -m**3 + 5*m**2 + 9*m - 9. Let x(d) = 12*d**3 - d**2 - 2*d - 2. Let t be x(-1). Let f = t + 19. Determine w(f).
9
Let k(m) = 2*m**2 + m**3 + 3*m**2 - m + 149 - 155. Calculate k(-5).
-1
Let b(c) = c**2 - 4*c + 2. Suppose -21 = -5*k - 3*x, 2*k - 8 + 0 = -x. Let a be b(k). Let n(g) = 5*g**3 - 2*g - 1. Calculate n(a).
-4
Let m(k) be the first derivative of k**3/3 + 5*k**2/2 - 2*k - 2. Suppose 0 = 4*s - 3*s + 10. Let t = 6 + s. Give m(t).
-6
Let r(l) = l**2 - l + 1. Let x(f) = 9*f - 4*f - 8*f + 1 - f**3. Let g(y) = -3*r(y) + x(y). Determine g(-3).
-2
Let q(j) = -j**2 + 5*j + 7. Let o = -10 + 17. Determine q(o).
-7
Suppose k + 34 = 5*h + 10, -3*k + h - 2 = 0. Let z be 15*(-2)/(k*-6). Let o(i) = 2*i + 1. Calculate o(z).
11
Let p(t) = -t + 6. Let v be p(9). Let i(w) = -2*w**2 - 13*w - 4. Let c(k) = -k**2 - 6*k - 2. Let g(u) = -5*c(u) + 2*i(u). What is g(v)?
-1
Let c(d) = 3*d**3 + 2*d**2 + 5*d - 1. Let k(i) = 4*i**3 + 2*i**2 + 6*i - 1. Let x(t) = 5*c(t) - 4*k(t). What is x(2)?
1
Let h(i) = -i**2 - i - 13. Let s(v) = -v + 9. Let q be (-3 + 45/12)*12. Let g be s(q). Calculate h(g).
-13
Let i(j) = -4*j**3 - 2*j + 6. Let o(t) = -5*t**3 - 3*t + 7. Let s(c) = -4*i(c) + 3*o(c). Give s(0).
-3
Suppose 18 = 5*j + s, s = 5*j - s - 9. Let y be (-22)/33 + (-10)/j. Let q(a) = -a - 7. Give q(y).
-3
Let g(l) = -l - 9. Let c be g(-15). Let x(s) = s - 8. Calculate x(c).
-2
Let o(q) = 2*q**2 + 4*q - 10. Let j(z) = z**2 - 1. Let r(v) = 3*j(v) - o(v). What is r(5)?
12
Let f(m) = -m**2 + 1. Suppose 0*h = h + 9. Let s(k) = -k**3 - 8*k**2 + 10*k + 8. Let c be s(h). Determine f(c).
0
Let n(i) = 3*i**3 + 3*i**2 + i + 1. Let p(v) = 10*v**3 + 8*v**2 + 3*v + 4. Let x(u) = -7*n(u) + 2*p(u). What is x(-5)?
6
Let u(q) = -q - 1 + 7 - 1. Let y(g) = g - 5. Let j = 3 + 2. Let v be y(j). Give u(v).
5
Let z(t) be the first derivative of -4*t**2 - t + 54. Suppose -4*a + 9*a = 0. Let w = a - -1. Calculate z(w).
-9
Let m(v) = 3*v - 134 - 7*v - 131 + 262. Calculate m(3).
-15
Let r(s) = 3*s + 2. Let q = -3 - -3. Suppose 0*k - 9 = 4*x + k, q = x - k - 4. Let t be ((-1)/2)/(x/(-6)). Give r(t).
-7
Let h = -9 - -13. Let s = h + -1. Let w be s/6*(-4)/(-2). Let j(f) = 2*f. Give j(w).
2
Let y(h) be the second derivative of h**4/12 - h**2/2 - h. Suppose 0 = -x - 4*u - 2, -3*u = -5*x + 9 + 4. Calculate y(x).
3
Let f(z) = -z**3 - 4*z**2 - 4*z - 2. Suppose 6 = -4*c + 34. Suppose -2*v = -1 + c. Let i be f(v). Let p(a) = 4*a**3 + a. Calculate p(i).
5
Let k(g) = -g + 2*g + 2*g + 0*g**2 - g**3 - 3*g**2 - 4. Give k(-4).
0
Let c(p) = -2*p**3 + p**2 - p. Let q be 0 - -2 - (-2)/(-2). Calculate c(q).
-2
Suppose p - n = 6*p - 23, n + 22 = 4*p. Suppose 0 = 3*s - 6, 4*o = -p*s + 6. Let q(t) be the third derivative of t**5/12 + t**4/24 + t**3/6 - t**2. Give q(o).
5
Let x = -7 + 2. Let t be (-4)/8*(1 - 1). Let n(f) = t*f**2 + 0*f**2 + f**2 + 5*f - 3. Determine n(x).
-3
Let z(y) = -y**3 - 4*y**2 - 2*y - 3. Let o = -4 + -1. Let d(b) = -2*b**3 - 7*b**2 - 5*b - 6. Let c(g) = o*z(g) + 2*d(g). Determine c(-6).
3
Let w(q) = 12*q**3 + 0 - 2 + 0*q + q**2 + 2*q + 3. Give w(-1).
-12
Let q(t) = -2*t + 3 - t + 0. Let n be q(3). Let i(a) = -10*a - 5. Let u(b) = 2*b. Let w(d) = i(d) + 4*u(d). Determine w(n).
7
Let i(k) = k**3 - k**2 + k - 2. Let u(j) = -j - 1. Let z be u(-1). Suppose 5*d + 10 = -z. Let h be ((-8)/12)/(d/6). What is i(h)?
4
Let d be ((-14)/(-7))/(-2*1). Let n(v) = -2*v - 1. What is n(d)?
1
Let d be (2/8)/(5/40). Suppose -d = 5*s + 18. Let y(o) = o**2 + 4*o + 4. Calculate y(s).
4
Let j(c) be the third derivative of -c**6/120 - 7*c**5/60 - c**4/3 - 7*c**3/6 + 5*c**2. What is j(-6)?
5
Let x(z) = z + 9. Suppose 7*u = 4*u. Let o be (u + 0)/(1 - 3). Determine x(o).
9
Let x(z) = -z. Let t be x(0). Suppose t = -w - w + 4. Let m(n) = n - 6 + 2*n**3 - 4*n**w - n**3 + 1. Give m(4).
-1
Let v(f) = 7 - 3*f + 3 - 2. Give v(6).
-10
Let y(b) be the third derivative of b**4/24 + b**3/2 - 9*b**2. Let q = -4 - -4. Determine y(q).
3
Let q(x) be the third derivative of 0*x + 1/12*x**4 + 5*x**2 + 0*x**3 + 0. Determine q(2).
4
Let o(c) be the third derivative of -7/60*c**5 - 4*c**2 + 0*c**4 + 0 + 1/6*c**3 + 0*c. What is o(1)?
-6
Let q(h) be the first derivative of -3*h**2/2 - 3*h + 2. What is q(-2)?
3
Let p(n) = -n**3 - 3*n**2 - 4. Let k be (-60)/(-27) - 4/18. Suppose 16 = -a + 4*h, 0*a + k*a = h - 32. Let b be a/6 - (-5)/(-15). Calculate p(b).
-4
Let h(s) = -2*s**2 + 5*s - 2. Let a be h(3). Let m(z) = -z**3 - 5*z**2 + z - 3. Give m(a).
-8
Let q(i) = -3*i + 5 - 2*i**2 + i**2 + 0*i. Suppose -4*w = -2*j + 12, 3*j - 3 - 3 = 3*w. Determine q(w).
1
Suppose -22 = -5*t + 28. Let g be (-42)/30 - (-4)/t. Let n(j) = -j + 2 + 3 - j**2 - 4. Determine n(g).
1
Let a(s) = -4*s**2 - 3*s - 8. Let b(x) = 5*x**2 + 4*x + 7. Let f(o) = -4*a(o) - 3*b(o). Give f(0).
11
Let b(h) be the third derivative of 0 - 2/3*h**3 - 1/6*h**4 - 2*h**2 + 0*h. Let y(r) = 8*r + 9. Let j(p) = -9*b(p) - 4*y(p). Calculate j(1).
4
Let t(k) = -3 - 1 + k**2 - 3*k - 1 + 0. Determine t(4).
-1
Let p(f) be the first derivative of f**5/10 - f**4/4 + f**3/2 - 7*f + 4. Let g(o) be the first derivative of p(o). Determine g(2).
10
Let z(r) = -2*r + 1. Suppose -7 = -3*f + 26. Suppose -5*u - f = 4*m, 4*u = 2*m - 6*m - 8. Determine z(u).
7
Let p(y) = y**3 - y**2 - 2*y - 1. Let h(a) = -a**3 + 2*a**2 + 2*a + 2. Let u(l) = 3*h(l) + 2*p(l). Calculate u(5).
-11
Let q(w) = -4*w + 5*w**2 - 4*w**2 - 3 - 3*w. Determine q(6).
-9
Suppose 0*w = -2*w - 8. Let q(l) = l**3 + 2*l**2 + 6*l - 3. Let i(y) = -y**2 + y. Let x(m) = 3*i(m) - q(m). Give x(w).
-1
Let l be (-4)/(-1*(-2)/3). Let t = 3 + l. Let i(n) = n**3 + 3*n**2. Let c be i(t). Let x(j) = -j**3 + 1. What is x(c)?
1
Suppose -t + d - 2 = 0, 2*t + t - d = 0. Let z be (6 + -9)*t*-1. Suppose 4*v + 5 = -z. Let h(k) = -2*k**2 - k - 2. What is h(v)?
-8
Suppose -3 = -2*j - 1. Suppose -2*n = 2*n. Let z(x) = x**2 + x**2 + n + 1. What is z(j)?
3
Let r(j) = 3*j - 2 + 5 - 5*j. Let i = -4 + 7. Determine r(i).
-3
Let h(m) = 5*m + 1. Let c(r) = r**2 - r - 1. Let f be c(2). Determine h(f).
6
Let z be 2*2/8*-4. Let o(y) = -2*y - 2. Let u be o(z). Let p(x) = -x - 2. Determine p(u).
-4
Let r(o) be the first derivative of o**4/24 - o**3/6 + 3*o**2/2 + 1. Let x(f) be the second derivative of r(f). Give x(5).
4
Let k be 0*(1 + -1 + -1). Let r(b) = 4*b**3 - 9. Let m(s) = s**3 - 1. Let t(x) = 3*m(x) - r(x). Calculate t(k).
6
Suppose 2*y + 0 = 12. Let f(q) = -q**2 + 6*q - 7. Give f(y).
-7
Let s(k) = 3*k - 1 + 2 - 2. Let r = -22 - -42. Suppose 3*m - 3*j = -m + r, 4*j + 16 = 0. Determine s(m).
5
Suppose -3*v = v + 3*x + 4, 0 = 5*x. Let z(y) = 6*y**2 - y. Give z(v).
7
Let s(a) be the first derivative of -a**3/3 - 3*a**2/2 + a + 51. Give s(-4).
-3
Let d(h) = 13 - 6 - 4*h + h**2 - 14 - 1. Determine d(7).
13
Let u(w) be the first derivative of -w**2/2 + 2. Suppose 0*t = 2*t + 2*j - 42, -4*j = -3*t + 28. Let i = 14 - t. Calculate u(i).
2
Let k(u) be the first derivative of -u**3/3 + 5*u**2/2 + 5*u - 3. Suppose -2*d + 15 = d. Give k(d).
5
Let g(p) = -5*p + 3. Let q(a) = -3*a + 2. Let h(k) = -4*g(k) + 7*q(k). Suppose t - 3*z + 0*z - 1 = 0, 2*z - 22 = -5*t. Suppose -n + 0 = -t. What is h(n)?
-2
Let f = -3 + 5. Let k(s) = -s**3 + s**2. Calculate k(f).
-4
Let s(h) = -2*h - 6. Let m be -6 - 4/(12/(-9)). Let u be ((-45)/(-6))/(m/(-4)). Suppose 2*c + u = -2. Give s(c).
6
Let y = -15 - -9. Let v(f) = 8*f + 6. Let i(x) = -x**2 - 8*x - 7. Let j be i(-8). Let h(z) = -7*z - 5. Let q(n) = j*h(n) + y*v(n). Calculate q(-2).
-3
Let r(f) be the third derivative of -f**9/5040 + f**6/720 + 7*f**5/60 + f**2. Let m(t) be the third derivative of r(t). Give m(-1).
13
Let u(f) = 3 + f - 6 - 4*f**2 + 6*f**2. Calculate u(3).
18
Let i(j) = j**3 + j - 20. Let n(t) = 3*t**3 + 34*t**2 + 13*t + 22. Let w be n(-11). Determine i(w).
-20
Let x(r) be the third derivative of 0 - 1/6*r**4 - 7/6*r**3 + 0*r + r**2 + 1/60*r**5. Let d(s) = 3*s - 4. Let l be d(3). Calculate x(l).
-2
Suppose 4*a = 5*a - 15. Suppose -3*l - 3*u + a = -3, 12 = 4*u. Let q(g) = g**2 - 2*g + 1. Give q(l).
4
Let j be (3/6)/(2/(-24)). Let q(a) be the second derivative of -a**3/6 - 34*a. Give q(j).
6
Let c(h) = -h**2 - h + 1. Let d(m) = -m**3 - 8*m**2 - 6*m + 3. Let v(a) = 4*c(a) - d(a). Suppose -5*u + u = 12. Give v